{"id":9,"date":"2017-02-15T09:47:32","date_gmt":"2017-02-15T09:47:32","guid":{"rendered":"http:\/\/ahmetgokhanmutlu.av.tr\/?page_id=9"},"modified":"2022-04-22T11:22:10","modified_gmt":"2022-04-22T11:22:10","slug":"ankara-bosanma-avukati-icra-avukati-avukat-gulsah-mutlu","status":"publish","type":"page","link":"https:\/\/www.gulsahmutlu.av.tr\/index.php\/ankara-bosanma-avukati-icra-avukati-avukat-gulsah-mutlu\/","title":{"rendered":"UZMAN ARABULUCU AVUKAT G\u00dcL\u015eAH MUTLU"},"content":{"rendered":"<section class=\"wpb-content-wrapper\"><p>[vc_row][vc_column][vc_column_text]<img loading=\"lazy\" decoding=\"async\" class=\"alignright size-full wp-image-32\" src=\"http:\/\/www.gulsahmutlu.av.tr\/wp-content\/uploads\/2022\/04\/gulsahmutlu.jpg\" alt=\"\" width=\"126\" height=\"169\" \/><\/p>\n<p align=\"left\"><b>Ankara Barosu: 16495<\/b><\/p>\n<p align=\"left\"><b>E\u011fitim<\/b>: \u00c7ankaya \u00dcniversitesi Hukuk Fak\u00fcltesi 2002 mezunu&#8217;dur.<\/p>\n<p align=\"left\"><b>Sertifika<\/b> : Ceza Hukuku,Bili\u015fim Hukuku,Rekabet Hukuku,Akt\u00fcerya Hukuku,\u0130nsan Haklar\u0131 Hukuku ve Arabuluculuk E\u011fitimi alanlar\u0131nda.<!--more--><\/p>\n<p align=\"left\"><b>\u00dcyelik<\/b>: Ankara Barosu Bili\u015fim Hukuku, Fikri M\u00fclkiyet ve Rekabet Kurulu, Sa\u011fl\u0131k Kurulu, Alternatif Uyu\u015fmazl\u0131k \u00c7\u00f6z\u00fcm Merkezi, CMK Merkezi ile Avukat Haklar\u0131 Merkezi\u2019nin \u00dcyesidir.<\/p>\n<p align=\"left\">Ceza Uzla\u015ft\u0131rmac\u0131 Avukat\u0131 olup,ayn\u0131 zamanda Adalet Bakanl\u0131\u011f\u0131 Arabuluculuk Daire Ba\u015fkanl\u0131\u011f\u0131 Arabuluculuk Siciline kay\u0131tl\u0131 Arabulucu\u2019dur.<\/p>\n<p align=\"left\">\u00c7al\u0131\u015fma ve Sosyal G\u00fcvenlik Bakanl\u0131\u011f\u0131 \u0130\u015f Sa\u011fl\u0131\u011f\u0131 ve G\u00fcvenli\u011fi Hizmetleri\u2019nin Y\u00fcr\u00fct\u00fcm\u00fcne ili\u015fkin \u0130\u015fveren veya \u0130\u015fveren Vekili E\u011fitimi tamamlama belgesine sahip olup,\u00a0\u0130\u015f Sa\u011fl\u0131\u011f\u0131 ve G\u00fcvenli\u011fi Uzman\u0131d\u0131r.<\/p>\n<p align=\"left\">Konkordato Komiserli\u011fi ve Alacakl\u0131lar Kuruluna Dair Y\u00f6netmeli\u011fin 10. maddesinin 7. f\u0131kras\u0131 gere\u011fince Konkordato Komiserli\u011fi temel e\u011fitimini alm\u0131\u015f olup, Konkordato Komiserli\u011fi g\u00f6revinde bulunmaktad\u0131r.<\/p>\n<p align=\"left\"><b>Yabanc\u0131 Dil<\/b>: \u0130ngilizce<\/p>\n<p>[\/vc_column_text][\/vc_column][\/vc_row]<\/p>\n<\/section>","protected":false},"excerpt":{"rendered":"<p>[vc_row][vc_column][vc_column_text] Ankara Barosu: 16495 E\u011fitim: \u00c7ankaya \u00dcniversitesi Hukuk Fak\u00fcltesi 2002 mezunu&#8217;dur. Sertifika : Ceza Hukuku,Bili\u015fim Hukuku,Rekabet Hukuku,Akt\u00fcerya Hukuku,\u0130nsan Haklar\u0131 Hukuku ve Arabuluculuk E\u011fitimi alanlar\u0131nda.<\/p>\n","protected":false},"author":1,"featured_media":0,"parent":0,"menu_order":0,"comment_status":"closed","ping_status":"closed","template":"","meta":{"footnotes":""},"class_list":["post-9","page","type-page","status-publish","hentry"],"_links":{"self":[{"href":"https:\/\/www.gulsahmutlu.av.tr\/index.php\/wp-json\/wp\/v2\/pages\/9","targetHints":{"allow":["GET"]}}],"collection":[{"href":"https:\/\/www.gulsahmutlu.av.tr\/index.php\/wp-json\/wp\/v2\/pages"}],"about":[{"href":"https:\/\/www.gulsahmutlu.av.tr\/index.php\/wp-json\/wp\/v2\/types\/page"}],"author":[{"embeddable":true,"href":"https:\/\/www.gulsahmutlu.av.tr\/index.php\/wp-json\/wp\/v2\/users\/1"}],"replies":[{"embeddable":true,"href":"https:\/\/www.gulsahmutlu.av.tr\/index.php\/wp-json\/wp\/v2\/comments?post=9"}],"version-history":[{"count":8,"href":"https:\/\/www.gulsahmutlu.av.tr\/index.php\/wp-json\/wp\/v2\/pages\/9\/revisions"}],"predecessor-version":[{"id":537,"href":"https:\/\/www.gulsahmutlu.av.tr\/index.php\/wp-json\/wp\/v2\/pages\/9\/revisions\/537"}],"wp:attachment":[{"href":"https:\/\/www.gulsahmutlu.av.tr\/index.php\/wp-json\/wp\/v2\/media?parent=9"}],"curies":[{"name":"wp","href":"https:\/\/api.w.org\/{rel}","templated":true}]}}