{"id":148,"date":"2018-09-12T09:30:29","date_gmt":"2018-09-12T09:30:29","guid":{"rendered":"http:\/\/www.gulsahmutlu.av.tr\/?page_id=148"},"modified":"2022-03-04T15:20:08","modified_gmt":"2022-03-04T15:20:08","slug":"tazminat-ve-sorumluluk-hukuku-ankara-bosanma-avukati-icra-avukati","status":"publish","type":"page","link":"https:\/\/www.gulsahmutlu.av.tr\/index.php\/tazminat-ve-sorumluluk-hukuku-ankara-bosanma-avukati-icra-avukati\/","title":{"rendered":"TAZM\u0130NAT VE SORUMLULUK HUKUKU"},"content":{"rendered":"<p>\t\t\t\tTazminat ve sorumluluk \u00a0hukuku ki\u015fi&#8217;nin haks\u0131z fiilinden veya herhangi bir nedenle kaynaklanan tazminat\u0131 konu edinir. Ahmet Mutlu Hukuk B\u00fcrosu \u00ae, hukuka ayk\u0131r\u0131 eylemler sonucu meydana gelen uyu\u015fmazl\u0131klar konusunda uzman ve profesyonel ekibi taraf\u0131ndan sa\u011flanan 6098 say\u0131l\u0131 Bor\u00e7lar Kanunu uyar\u0131nca tazminat ve sorumluluk hukuku alan\u0131nda sunulan hizmetler \u015f\u00f6yledir:<\/p>\n<ul>\n<li>Trafik kazalar\u0131ndan kaynaklanan ceza davalar\u0131nda \u015e\u00fcpheli\/San\u0131k M\u00fcdafili\u011fi, M\u00fc\u015fteki\/Kat\u0131lan Vekilli\u011fi,<\/li>\n<li>Trafik kazalar\u0131ndan kaynaklanan maddi, manevi tazminat davalar\u0131n\u0131n takibi, Daval\u0131, Davac\u0131 Vekilli\u011fi<\/li>\n<li>S\u00f6zle\u015fmelerden, haks\u0131z fiilden, hakaret vb. ceza hukukuna konu olabilecek durumdan kaynaklanan maddi, manevi tazminat davas\u0131 a\u00e7\u0131lmas\u0131, takibi, sonu\u00e7land\u0131r\u0131lmas\u0131.<\/li>\n<\/ul>\n","protected":false},"excerpt":{"rendered":"<p>Tazminat ve sorumluluk \u00a0hukuku ki\u015fi&#8217;nin haks\u0131z fiilinden veya herhangi bir nedenle kaynaklanan tazminat\u0131 konu edinir. Ahmet Mutlu Hukuk B\u00fcrosu \u00ae, hukuka ayk\u0131r\u0131 eylemler sonucu meydana gelen uyu\u015fmazl\u0131klar konusunda uzman ve profesyonel ekibi taraf\u0131ndan sa\u011flanan 6098 say\u0131l\u0131 Bor\u00e7lar Kanunu uyar\u0131nca tazminat ve sorumluluk hukuku alan\u0131nda sunulan hizmetler \u015f\u00f6yledir: Trafik kazalar\u0131ndan kaynaklanan ceza davalar\u0131nda \u015e\u00fcpheli\/San\u0131k M\u00fcdafili\u011fi, M\u00fc\u015fteki\/Kat\u0131lan [&hellip;]<\/p>\n","protected":false},"author":1,"featured_media":0,"parent":0,"menu_order":0,"comment_status":"closed","ping_status":"closed","template":"","meta":{"footnotes":""},"class_list":["post-148","page","type-page","status-publish","hentry"],"_links":{"self":[{"href":"https:\/\/www.gulsahmutlu.av.tr\/index.php\/wp-json\/wp\/v2\/pages\/148","targetHints":{"allow":["GET"]}}],"collection":[{"href":"https:\/\/www.gulsahmutlu.av.tr\/index.php\/wp-json\/wp\/v2\/pages"}],"about":[{"href":"https:\/\/www.gulsahmutlu.av.tr\/index.php\/wp-json\/wp\/v2\/types\/page"}],"author":[{"embeddable":true,"href":"https:\/\/www.gulsahmutlu.av.tr\/index.php\/wp-json\/wp\/v2\/users\/1"}],"replies":[{"embeddable":true,"href":"https:\/\/www.gulsahmutlu.av.tr\/index.php\/wp-json\/wp\/v2\/comments?post=148"}],"version-history":[{"count":1,"href":"https:\/\/www.gulsahmutlu.av.tr\/index.php\/wp-json\/wp\/v2\/pages\/148\/revisions"}],"predecessor-version":[{"id":519,"href":"https:\/\/www.gulsahmutlu.av.tr\/index.php\/wp-json\/wp\/v2\/pages\/148\/revisions\/519"}],"wp:attachment":[{"href":"https:\/\/www.gulsahmutlu.av.tr\/index.php\/wp-json\/wp\/v2\/media?parent=148"}],"curies":[{"name":"wp","href":"https:\/\/api.w.org\/{rel}","templated":true}]}}